{"id":85,"date":"2015-03-21T16:42:06","date_gmt":"2015-03-21T16:42:06","guid":{"rendered":"https:\/\/toskanamagazine.wordpress.com\/?page_id=85"},"modified":"2015-10-30T11:29:03","modified_gmt":"2015-10-30T10:29:03","slug":"federica-pietrola","status":"publish","type":"page","link":"https:\/\/www.innede.net\/toskanamagazine\/?page_id=85","title":{"rendered":"FEDERICA PIETROLA\u2019"},"content":{"rendered":"<h3 style=\"text-align: center;\"><a href=\"https:\/\/toskanamagazine.files.wordpress.com\/2015\/03\/image364.jpg\"><img decoding=\"async\" loading=\"lazy\" class=\" wp-image-211  alignright\" src=\"https:\/\/toskanamagazine.files.wordpress.com\/2015\/03\/image364.jpg\" alt=\"image364\" width=\"294\" height=\"440\" \/><\/a><\/h3>\n<p style=\"text-align: justify;\">\u00a0 \u201cIl Profumo\u201d di Patrick S\u00fcskind \u00e8 uno di quei libri che si lasciano leggere tutto d\u2019un fiato; le frasi scorrono veloci sotto gli occhi attenti del lettore e le parole, creatrici ed epifaniche lo immergono nel mondo del romanzo, nella storia che si dipana pagina dopo pagina.<\/p>\n<p style=\"text-align: justify;\">Parigi, la Provenza, le campagne francesi della prima met\u00e0 del diciottesimo secolo fungono da sfondo per una storia in cui il protagonista non \u00e8 l\u2019uomo Jean-Baptiste Grenouille, la sua genialit\u00e0; bens\u00ec la parola, ci\u00f2 che essa \u00e8 capace di esprimere e raccontare attraverso il potere della creazione artistica letteraria.<\/p>\n<p style=\"text-align: justify;\">Il libro \u00e8 un condensato di odori, atmosfere, luoghi dalla grande variet\u00e0 e vitalit\u00e0. Il romanzo ci palesa un mondo di cui pochi hanno una vera percezione e di cui S\u00fcskind riesce a raccontare ed esprimere magnificamente l\u2019ineffabile ricchezza. La diversit\u00e0 e la bellezza degli eterei profumi ci vengono mostrate\u00a0 attraverso le parole. Scrive l\u2019autore: \u201c<i>gli uomini potevano chiudere gli occhi davanti alla grandezza, davanti all&#8217;orrore e turarsi le orecchie davanti a melodie o a parole seducenti. Ma non potevano sottrarsi ai profumi. <\/i><\/p>\n<p style=\"text-align: justify;\"><i>Poich\u00e9 il profumo \u00e8 fratello del respiro<\/i>\u201d e Jean-Baptiste possedendo i segreti di tutti i profumi del mondo \u00e8 capace di dominare l\u2019umanit\u00e0 poich\u00e9 nessuno \u00e8 immune dal respirare. Grenouille vive ai margini della societ\u00e0, \u00e8 un fantasma, una \u201ccosa\u201d nata destinata subito a morire che si \u00e8 aggrappata tenacemente alla vita solo grazie al suo genio olfattivo.<\/p>\n<p style=\"text-align: justify;\">Il suo naso rappresenta un mezzo di riscatto, un modo per imporsi sulla societ\u00e0; dominando gli odori avrebbe potuto dominare i cuori degli uomini: \u201c<i>egli possedeva un potere pi\u00f9 forte del potere del denaro o del terrore o della morte, l&#8217;invincibile potere di suscitare l&#8217;Amore nell&#8217;Umanit\u00e0<\/i>\u201d.<\/p>\n<blockquote>\n<p style=\"text-align: center;\">\u00a0\u201d. Nel 2006 il regista Tom<\/p>\n<\/blockquote>\n<p style=\"text-align: justify;\">Tykwer ha realizzato un adattamento cinematografico di questo capolavoro della letteratura mondiale, riuscendo a ricreare la bellezza e l\u2019atmosfera del testo. \u00a0 Nonostante Kubrick avesse definito il romanzo di S\u00fcskind \u201cinfilmabile\u201d, poich\u00e9 legato al mondo etero degli odori difficilmente rappresentabile nel Cinema, Tykwer si cimenta in questa sfida.<\/p>\n<p style=\"text-align: justify;\">Utilizza un montaggio espressivo caratterizzato da brevi sequenza che seguono la scia olfattiva che il giovane capta per le stradine tortuose di Parigi o negli immensi spazi della campagna provenzale, avvicinandosi cos\u00ec alla ricchezza espressiva del romanzo. \u00a0 Una fotografia impressionista caratterizza la pellicola e l\u2019atmosfera cupa e brutale che aleggia per i vicoli della fetida Parigi cooperano a rappresentare l\u2019esperienza sensoriale del giovane. \u00a0 Il bravissimo attore inglese Ben Whishaw riesce a interpretare il protagonista del romanzo amabilmente e a mostrarci il suo mondo interiore tramite l\u2019espressivit\u00e0 del suo volto e l\u2019uso cadenzato di gesti e respiri. \u00a0 \u201cProfumo, Storia di un assassino\u201d \u00e8 un film che vale la pena vedere, sia per gli amanti del libro, che possono confrontare la loro interpretazione con quella del regista, sia per spettatori ignari del grande romanzo che vengono introdotti nel mondo degli odori.<\/p>\n<blockquote>\n<h3 style=\"text-align: center;\">\u00a0\u201cIl Profumo\u201d\u00a0di S\u00fcskind,\u00a0dalle pagine el testo al film.<\/h3>\n<h3 style=\"text-align: center;\">\u00a0 \u00a0 \u00a0 \u00a0 \u00a0 \u00a0 \u00a0 \u00a0 FEDERICA\u00a0 PIETROLA\u2019<\/h3>\n<\/blockquote>\n","protected":false},"excerpt":{"rendered":"<p>\u00a0 \u201cIl Profumo\u201d di Patrick S\u00fcskind \u00e8 uno di quei libri che si lasciano leggere tutto d\u2019un fiato; le frasi scorrono veloci sotto gli occhi attenti del lettore e le parole, creatrici ed epifaniche lo immergono nel mondo del romanzo, nella storia che si dipana pagina dopo pagina. Parigi, la Provenza, le campagne francesi della prima met\u00e0 del diciottesimo secolo fungono da sfondo per una storia in cui il protagonista non \u00e8 l\u2019uomo Jean-Baptiste Grenouille, la sua genialit\u00e0; bens\u00ec la parola, ci\u00f2 che essa \u00e8 capace di esprimere e raccontare<a href=\"https:\/\/www.innede.net\/toskanamagazine\/?page_id=85\" class=\"read-more\">Read More<\/a><\/p>\n","protected":false},"author":1,"featured_media":0,"parent":0,"menu_order":0,"comment_status":"open","ping_status":"open","template":"","meta":[],"_links":{"self":[{"href":"https:\/\/www.innede.net\/toskanamagazine\/index.php?rest_route=\/wp\/v2\/pages\/85"}],"collection":[{"href":"https:\/\/www.innede.net\/toskanamagazine\/index.php?rest_route=\/wp\/v2\/pages"}],"about":[{"href":"https:\/\/www.innede.net\/toskanamagazine\/index.php?rest_route=\/wp\/v2\/types\/page"}],"author":[{"embeddable":true,"href":"https:\/\/www.innede.net\/toskanamagazine\/index.php?rest_route=\/wp\/v2\/users\/1"}],"replies":[{"embeddable":true,"href":"https:\/\/www.innede.net\/toskanamagazine\/index.php?rest_route=%2Fwp%2Fv2%2Fcomments&post=85"}],"version-history":[{"count":1,"href":"https:\/\/www.innede.net\/toskanamagazine\/index.php?rest_route=\/wp\/v2\/pages\/85\/revisions"}],"predecessor-version":[{"id":1724,"href":"https:\/\/www.innede.net\/toskanamagazine\/index.php?rest_route=\/wp\/v2\/pages\/85\/revisions\/1724"}],"wp:attachment":[{"href":"https:\/\/www.innede.net\/toskanamagazine\/index.php?rest_route=%2Fwp%2Fv2%2Fmedia&parent=85"}],"curies":[{"name":"wp","href":"https:\/\/api.w.org\/{rel}","templated":true}]}}

<h3 style="text-align: center;"><a href="https://toskanamagazine.files.wordpress.com/2015/03/image364.jpg"><img decoding="async" loading="lazy" class=" wp-image-211  alignright" src="https://toskanamagazine.files.wordpress.com/2015/03/image364.jpg" alt="image364" width="294" height="440" /></a></h3>
<p style="text-align: justify;">  “Il Profumo” di Patrick Süskind è uno di quei libri che si lasciano leggere tutto d’un fiato; le frasi scorrono veloci sotto gli occhi attenti del lettore e le parole, creatrici ed epifaniche lo immergono nel mondo del romanzo, nella storia che si dipana pagina dopo pagina.</p>
<p style="text-align: justify;">Parigi, la Provenza, le campagne francesi della prima metà del diciottesimo secolo fungono da sfondo per una storia in cui il protagonista non è l’uomo Jean-Baptiste Grenouille, la sua genialità; bensì la parola, ciò che essa è capace di esprimere e raccontare attraverso il potere della creazione artistica letteraria.</p>
<p style="text-align: justify;">Il libro è un condensato di odori, atmosfere, luoghi dalla grande varietà e vitalità. Il romanzo ci palesa un mondo di cui pochi hanno una vera percezione e di cui Süskind riesce a raccontare ed esprimere magnificamente l’ineffabile ricchezza. La diversità e la bellezza degli eterei profumi ci vengono mostrate  attraverso le parole. Scrive l’autore: “<i>gli uomini potevano chiudere gli occhi davanti alla grandezza, davanti all&#8217;orrore e turarsi le orecchie davanti a melodie o a parole seducenti. Ma non potevano sottrarsi ai profumi. </i></p>
<p style="text-align: justify;"><i>Poiché il profumo è fratello del respiro</i>” e Jean-Baptiste possedendo i segreti di tutti i profumi del mondo è capace di dominare l’umanità poiché nessuno è immune dal respirare. Grenouille vive ai margini della società, è un fantasma, una “cosa” nata destinata subito a morire che si è aggrappata tenacemente alla vita solo grazie al suo genio olfattivo.</p>
<p style="text-align: justify;">Il suo naso rappresenta un mezzo di riscatto, un modo per imporsi sulla società; dominando gli odori avrebbe potuto dominare i cuori degli uomini: “<i>egli possedeva un potere più forte del potere del denaro o del terrore o della morte, l&#8217;invincibile potere di suscitare l&#8217;Amore nell&#8217;Umanità</i>”.</p>
<blockquote>
<p style="text-align: center;"> ”. Nel 2006 il regista Tom</p>
</blockquote>
<p style="text-align: justify;">Tykwer ha realizzato un adattamento cinematografico di questo capolavoro della letteratura mondiale, riuscendo a ricreare la bellezza e l’atmosfera del testo.   Nonostante Kubrick avesse definito il romanzo di Süskind “infilmabile”, poiché legato al mondo etero degli odori difficilmente rappresentabile nel Cinema, Tykwer si cimenta in questa sfida.</p>
<p style="text-align: justify;">Utilizza un montaggio espressivo caratterizzato da brevi sequenza che seguono la scia olfattiva che il giovane capta per le stradine tortuose di Parigi o negli immensi spazi della campagna provenzale, avvicinandosi così alla ricchezza espressiva del romanzo.   Una fotografia impressionista caratterizza la pellicola e l’atmosfera cupa e brutale che aleggia per i vicoli della fetida Parigi cooperano a rappresentare l’esperienza sensoriale del giovane.   Il bravissimo attore inglese Ben Whishaw riesce a interpretare il protagonista del romanzo amabilmente e a mostrarci il suo mondo interiore tramite l’espressività del suo volto e l’uso cadenzato di gesti e respiri.   “Profumo, Storia di un assassino” è un film che vale la pena vedere, sia per gli amanti del libro, che possono confrontare la loro interpretazione con quella del regista, sia per spettatori ignari del grande romanzo che vengono introdotti nel mondo degli odori.</p>
<blockquote>
<h3 style="text-align: center;"> “Il Profumo” di Süskind, dalle pagine el testo al film.</h3>
<h3 style="text-align: center;">                FEDERICA  PIETROLA’</h3>
</blockquote>

<p>  “Il Profumo” di Patrick Süskind è uno di quei libri che si lasciano leggere tutto d’un fiato; le frasi scorrono veloci sotto gli occhi attenti del lettore e le parole, creatrici ed epifaniche lo immergono nel mondo del romanzo, nella storia che si dipana pagina dopo pagina. Parigi, la Provenza, le campagne francesi della prima metà del diciottesimo secolo fungono da sfondo per una storia in cui il protagonista non è l’uomo Jean-Baptiste Grenouille, la sua genialità; bensì la parola, ciò che essa è capace di esprimere e raccontare<a href="https://www.innede.net/toskanamagazine/?page_id=85" class="read-more">Read More</a></p>
