{"id":87,"date":"2015-03-21T16:42:35","date_gmt":"2015-03-21T16:42:35","guid":{"rendered":"https:\/\/toskanamagazine.wordpress.com\/?page_id=87"},"modified":"2015-03-21T16:42:35","modified_gmt":"2015-03-21T16:42:35","slug":"elena-pintimalli","status":"publish","type":"page","link":"https:\/\/www.innede.net\/toskanamagazine\/?page_id=87","title":{"rendered":"ELENA PINTIMALLI"},"content":{"rendered":"<blockquote>\n<h3>VIVA LA MUSICA<\/h3>\n<h3>L\u2019IMPORTANTE \u00e8 LASCIARSI ANDARE<\/h3>\n<h3>ELENA PINTIMALLI<\/h3>\n<\/blockquote>\n<p style=\"text-align:justify;\">\u00a0\u00a0 \u00a0 \u00a0 <a href=\"https:\/\/toskanamagazine.files.wordpress.com\/2015\/03\/image15391.jpg\"><img decoding=\"async\" loading=\"lazy\" class=\"  wp-image-312 alignleft\" src=\"https:\/\/toskanamagazine.files.wordpress.com\/2015\/03\/image15391.jpg?w=300\" alt=\"image15391\" width=\"458\" height=\"171\" \/><\/a>\u00a0 \u00a0 Se vi aggirate sui colli pisani durante la prima quindicina d\u2019Agosto, tappa d\u2019obbligo \u00e8 il festival dedicato alla musica che si svolge a Castellina Marittima. \u00a0\u00a0\u00a0\u00a0\u00a0\u00a0\u00a0\u00a0\u00a0 \u201cViva la musica\u201d sono le parole d\u2019ordine e Musica W (da leggersi \u201cviva\u201d come vuole la tradizione) \u00e8 il nome non banale dell\u2019evento che pu\u00f2 rendere indimenticabile questo piccolo borgo toscano.<\/p>\n<p style=\"text-align:justify;\">Salendo fino al parco del paese si oltrepassa il cancello principale e da l\u00ec si snoda il sentiero degli artigiani che con la loro allegria ed esuberante personalit\u00e0 vi faranno entrare nei loro mondi, dai gioielli in argento, agli incensi indiani, fino ai cappelli dalle forme pi\u00f9 strane e alle magliette artigianali dal design unico e dai prezzi super accessibili.<\/p>\n<p style=\"text-align:justify;\">Lasciandovi accompagnare in questo percorso troverete i custodi della festa alla fine della viuzza, sono i ragazzini del paese, i pi\u00f9 piccoli ma non per questo meno intraprendenti che vi chiederanno un esiguo tributo per l\u2019arte che offriranno gratuitamente in questo angolo paradiso della musica indipendente; un consiglio?<\/p>\n<p style=\"text-align:justify;\">Siate generosi e non ve ne pentirete. Passato questo innocuo ostacolo si sveler\u00e0 davanti a voi un anello di tavoli e chioschi pronti a servirvi ogni prelibatezza che potr\u00e0 soddisfare i palati pi\u00f9 svariati. Per chi proprio non sa rinunciare al piatto di pasta caratteristico italiano, trover\u00e0 le signore del paese pronte a sfornare le lasagne pi\u00f9 saporite e secondi piatti fumanti; per gli amanti del panino i nomi accattivanti del menu e le farciture \u201crinforzate\u201d sono garantite, anche per i vegetariani. Non manca ovviamente la parte liquida della festa, vino e birra scorreranno a fiumi e per addolcire la serata le crepes al cioccolato sono sempre un must.<\/p>\n<p style=\"text-align:justify;\">\u00a0\u00a0\u00a0\u00a0\u00a0\u00a0\u00a0\u00a0\u00a0 Ma voi potreste chiedere: e la musica? Ebbene il sopracitato anello di tavoli e chioschi racchiude uno dei tesori pi\u00f9 grandi del parco del paese, l\u2019anfiteatro che ospita i concerti principali che accompagnano ogni serata del festival. Il posto per chi ascolta ma non si concede alle danze \u00e8 assicurato sulle ampie gradinate che tra chiacchiera e un buon bicchiere si riempiono anche nei momenti precedenti al concerto; e per quelli che amano scatenarsi al ritmo delle note pi\u00f9 varie avranno il centro della pista tutto per loro.<\/p>\n<p style=\"text-align:justify;\">Il palco principale riesce ad ospitare artisti con ampie formazioni e il suono \u00e8 magistralmente gestito per l\u2019orecchio pi\u00f9 sopraffino.<\/p>\n<p style=\"text-align:justify;\">La musica a Castellina in quei giorni per\u00f2 \u00e8 davvero viva e corre per tutte le vie del paese, con palchi dislocati in angoli caratteristici che offrono comunque una buonissima acustica e regalano ascolti non solo a pochi intimi.<\/p>\n<p style=\"text-align:justify;\">E come ogni pancia sar\u00e0 riempita dal suo cibo preferito il paese offre una vasta gamma di generi musicali per ogni genere di orecchio e di cuore.<\/p>\n<p style=\"text-align:justify;\">Si va dalla musica classica riproposta con formazioni inusuali o con pezzi <i>sui<\/i> <i>g<\/i><i>en<\/i><i>e<\/i><i>r<\/i><i>i<\/i><i>s<\/i>, il punk continua a gridare al mondo i disagi di molti, il folk e il reggae italiani e non solo trovano solitamente ottima accoglienza nei piedi di chi danza e nella mente di chi ascolta, mentre lo ska li segue con le sue note eternamente allegre e il rock in ogni sua sfumatura incontra un pubblico pronto a lanciarsi nel pogo scatenato.<\/p>\n<p style=\"text-align:justify;\">Insomma con i suoi palchi e panini, con bancarelle di ogni tipo, con musica e persone di ogni genere, con i suoi parcheggi facili e con il suo free camping immerso nella campagna toscana, sia a chi pu\u00f2 dedicargli solo una notte o chi, da fedelissimo, resta per l\u2019intera settimana, quel piccolo borgo non tanto famoso, in quei giorni d&#8217;estate, pu\u00f2 davvero regalare note positive da ricordare per la vita.<\/p>\n<p>&nbsp;<\/p>\n\n<p><a href=\"https:\/\/toskanamagazine.files.wordpress.com\/2015\/03\/af.png\"><img decoding=\"async\" loading=\"lazy\" class=\" size-full wp-image-977 aligncenter\" src=\"https:\/\/toskanamagazine.files.wordpress.com\/2015\/03\/af.png\" alt=\"af\" width=\"474\" height=\"219\" \/><\/a><\/p>\n<p>&nbsp;<\/p>\n<p><a href=\"https:\/\/toskanamagazine.files.wordpress.com\/2015\/03\/carpigiani-03-2.jpg\"><img decoding=\"async\" loading=\"lazy\" class=\"alignnone size-full wp-image-979\" src=\"https:\/\/toskanamagazine.files.wordpress.com\/2015\/03\/carpigiani-03-2.jpg\" alt=\"carpigiani.03.2\" width=\"474\" height=\"355\" \/><\/a><\/p>\n<figure id=\"attachment_978\" aria-describedby=\"caption-attachment-978\" style=\"width: 474px\" class=\"wp-caption aligncenter\"><a href=\"https:\/\/toskanamagazine.files.wordpress.com\/2015\/03\/automobile-museum-turin-03.jpg\"><img decoding=\"async\" loading=\"lazy\" class=\"size-full wp-image-978\" src=\"https:\/\/toskanamagazine.files.wordpress.com\/2015\/03\/automobile-museum-turin-03.jpg\" alt=\"SONY DSC\" width=\"474\" height=\"315\" \/><\/a><figcaption id=\"caption-attachment-978\" class=\"wp-caption-text\">SONY DSC<\/figcaption><\/figure>\n","protected":false},"excerpt":{"rendered":"<p>VIVA LA MUSICA L\u2019IMPORTANTE \u00e8 LASCIARSI ANDARE ELENA PINTIMALLI \u00a0\u00a0 \u00a0 \u00a0 \u00a0 \u00a0 Se vi aggirate sui colli pisani durante la prima quindicina d\u2019Agosto, tappa d\u2019obbligo \u00e8 il festival dedicato alla musica che si svolge a Castellina Marittima. \u00a0\u00a0\u00a0\u00a0\u00a0\u00a0\u00a0\u00a0\u00a0 \u201cViva la musica\u201d sono le parole d\u2019ordine e Musica W (da leggersi \u201cviva\u201d come vuole la tradizione) \u00e8 il nome non banale dell\u2019evento che pu\u00f2 rendere indimenticabile questo piccolo borgo toscano. Salendo fino al parco del paese si oltrepassa il cancello principale e da l\u00ec si snoda il sentiero degli<a href=\"https:\/\/www.innede.net\/toskanamagazine\/?page_id=87\" class=\"read-more\">Read More<\/a><\/p>\n","protected":false},"author":1,"featured_media":0,"parent":0,"menu_order":0,"comment_status":"open","ping_status":"open","template":"","meta":[],"_links":{"self":[{"href":"https:\/\/www.innede.net\/toskanamagazine\/index.php?rest_route=\/wp\/v2\/pages\/87"}],"collection":[{"href":"https:\/\/www.innede.net\/toskanamagazine\/index.php?rest_route=\/wp\/v2\/pages"}],"about":[{"href":"https:\/\/www.innede.net\/toskanamagazine\/index.php?rest_route=\/wp\/v2\/types\/page"}],"author":[{"embeddable":true,"href":"https:\/\/www.innede.net\/toskanamagazine\/index.php?rest_route=\/wp\/v2\/users\/1"}],"replies":[{"embeddable":true,"href":"https:\/\/www.innede.net\/toskanamagazine\/index.php?rest_route=%2Fwp%2Fv2%2Fcomments&post=87"}],"version-history":[{"count":0,"href":"https:\/\/www.innede.net\/toskanamagazine\/index.php?rest_route=\/wp\/v2\/pages\/87\/revisions"}],"wp:attachment":[{"href":"https:\/\/www.innede.net\/toskanamagazine\/index.php?rest_route=%2Fwp%2Fv2%2Fmedia&parent=87"}],"curies":[{"name":"wp","href":"https:\/\/api.w.org\/{rel}","templated":true}]}}

<blockquote>
<h3>VIVA LA MUSICA</h3>
<h3>L’IMPORTANTE è LASCIARSI ANDARE</h3>
<h3>ELENA PINTIMALLI</h3>
</blockquote>
<p style="text-align:justify;">       <a href="https://toskanamagazine.files.wordpress.com/2015/03/image15391.jpg"><img decoding="async" loading="lazy" class="  wp-image-312 alignleft" src="https://toskanamagazine.files.wordpress.com/2015/03/image15391.jpg?w=300" alt="image15391" width="458" height="171" /></a>    Se vi aggirate sui colli pisani durante la prima quindicina d’Agosto, tappa d’obbligo è il festival dedicato alla musica che si svolge a Castellina Marittima.           “Viva la musica” sono le parole d’ordine e Musica W (da leggersi “viva” come vuole la tradizione) è il nome non banale dell’evento che può rendere indimenticabile questo piccolo borgo toscano.</p>
<p style="text-align:justify;">Salendo fino al parco del paese si oltrepassa il cancello principale e da lì si snoda il sentiero degli artigiani che con la loro allegria ed esuberante personalità vi faranno entrare nei loro mondi, dai gioielli in argento, agli incensi indiani, fino ai cappelli dalle forme più strane e alle magliette artigianali dal design unico e dai prezzi super accessibili.</p>
<p style="text-align:justify;">Lasciandovi accompagnare in questo percorso troverete i custodi della festa alla fine della viuzza, sono i ragazzini del paese, i più piccoli ma non per questo meno intraprendenti che vi chiederanno un esiguo tributo per l’arte che offriranno gratuitamente in questo angolo paradiso della musica indipendente; un consiglio?</p>
<p style="text-align:justify;">Siate generosi e non ve ne pentirete. Passato questo innocuo ostacolo si svelerà davanti a voi un anello di tavoli e chioschi pronti a servirvi ogni prelibatezza che potrà soddisfare i palati più svariati. Per chi proprio non sa rinunciare al piatto di pasta caratteristico italiano, troverà le signore del paese pronte a sfornare le lasagne più saporite e secondi piatti fumanti; per gli amanti del panino i nomi accattivanti del menu e le farciture “rinforzate” sono garantite, anche per i vegetariani. Non manca ovviamente la parte liquida della festa, vino e birra scorreranno a fiumi e per addolcire la serata le crepes al cioccolato sono sempre un must.</p>
<p style="text-align:justify;">          Ma voi potreste chiedere: e la musica? Ebbene il sopracitato anello di tavoli e chioschi racchiude uno dei tesori più grandi del parco del paese, l’anfiteatro che ospita i concerti principali che accompagnano ogni serata del festival. Il posto per chi ascolta ma non si concede alle danze è assicurato sulle ampie gradinate che tra chiacchiera e un buon bicchiere si riempiono anche nei momenti precedenti al concerto; e per quelli che amano scatenarsi al ritmo delle note più varie avranno il centro della pista tutto per loro.</p>
<p style="text-align:justify;">Il palco principale riesce ad ospitare artisti con ampie formazioni e il suono è magistralmente gestito per l’orecchio più sopraffino.</p>
<p style="text-align:justify;">La musica a Castellina in quei giorni però è davvero viva e corre per tutte le vie del paese, con palchi dislocati in angoli caratteristici che offrono comunque una buonissima acustica e regalano ascolti non solo a pochi intimi.</p>
<p style="text-align:justify;">E come ogni pancia sarà riempita dal suo cibo preferito il paese offre una vasta gamma di generi musicali per ogni genere di orecchio e di cuore.</p>
<p style="text-align:justify;">Si va dalla musica classica riproposta con formazioni inusuali o con pezzi <i>sui</i> <i>g</i><i>en</i><i>e</i><i>r</i><i>i</i><i>s</i>, il punk continua a gridare al mondo i disagi di molti, il folk e il reggae italiani e non solo trovano solitamente ottima accoglienza nei piedi di chi danza e nella mente di chi ascolta, mentre lo ska li segue con le sue note eternamente allegre e il rock in ogni sua sfumatura incontra un pubblico pronto a lanciarsi nel pogo scatenato.</p>
<p style="text-align:justify;">Insomma con i suoi palchi e panini, con bancarelle di ogni tipo, con musica e persone di ogni genere, con i suoi parcheggi facili e con il suo free camping immerso nella campagna toscana, sia a chi può dedicargli solo una notte o chi, da fedelissimo, resta per l’intera settimana, quel piccolo borgo non tanto famoso, in quei giorni d&#8217;estate, può davvero regalare note positive da ricordare per la vita.</p>
<p>&nbsp;</p>

<p><a href="https://toskanamagazine.files.wordpress.com/2015/03/af.png"><img decoding="async" loading="lazy" class=" size-full wp-image-977 aligncenter" src="https://toskanamagazine.files.wordpress.com/2015/03/af.png" alt="af" width="474" height="219" /></a></p>
<p>&nbsp;</p>
<p><a href="https://toskanamagazine.files.wordpress.com/2015/03/carpigiani-03-2.jpg"><img decoding="async" loading="lazy" class="alignnone size-full wp-image-979" src="https://toskanamagazine.files.wordpress.com/2015/03/carpigiani-03-2.jpg" alt="carpigiani.03.2" width="474" height="355" /></a></p>
<figure id="attachment_978" aria-describedby="caption-attachment-978" style="width: 474px" class="wp-caption aligncenter"><a href="https://toskanamagazine.files.wordpress.com/2015/03/automobile-museum-turin-03.jpg"><img decoding="async" loading="lazy" class="size-full wp-image-978" src="https://toskanamagazine.files.wordpress.com/2015/03/automobile-museum-turin-03.jpg" alt="SONY DSC" width="474" height="315" /></a><figcaption id="caption-attachment-978" class="wp-caption-text">SONY DSC</figcaption></figure>

<p>VIVA LA MUSICA L’IMPORTANTE è LASCIARSI ANDARE ELENA PINTIMALLI            Se vi aggirate sui colli pisani durante la prima quindicina d’Agosto, tappa d’obbligo è il festival dedicato alla musica che si svolge a Castellina Marittima.           “Viva la musica” sono le parole d’ordine e Musica W (da leggersi “viva” come vuole la tradizione) è il nome non banale dell’evento che può rendere indimenticabile questo piccolo borgo toscano. Salendo fino al parco del paese si oltrepassa il cancello principale e da lì si snoda il sentiero degli<a href="https://www.innede.net/toskanamagazine/?page_id=87" class="read-more">Read More</a></p>
